{"id":94,"date":"2022-11-12T21:51:34","date_gmt":"2022-11-12T20:51:34","guid":{"rendered":"https:\/\/www.planetpoodle.de\/shop\/?post_type=product&#038;p=94"},"modified":"2026-04-13T15:42:01","modified_gmt":"2026-04-13T13:42:01","slug":"shampoo-blue-sky-pro-original","status":"publish","type":"product","link":"https:\/\/www.planetpoodle.de\/shop\/product\/shampoo-blue-sky-pro-original\/","title":{"rendered":"SHAMPOO BLUE SKY PRO ORIGINAL"},"content":{"rendered":"<p>BLUE SKY PRO ist ein multivalentes Strukturshampoo mit B-Ceramiden*-Kudzu Extrakt**<\/p>\n<p>Die Neueste polyvalente Formel von BLUE SKY PRO ist hervorragend f\u00fcr alle Arten von Hundewolle geeignet.<\/p>\n<p>Dank seines zarten cremigen Schaums, reinigt das Shampoo, sanft, die verschmutzte Hundewolle, ohne deren nat\u00fcrliche lipide Hautschicht zu verletzen.<\/p>\n<p>BLUE SKY PRO st\u00e4rkt das Haarkleid, gibt Struktur und Volumen. Es ist angereichert mit biologisch aktiven Substanzen nat\u00fcrlichen Ursprungs, dringt leicht in die Keratinschicht des Haares ein und versorgt diese mit allen notwendigen Elementen. Verbessert die Sch\u00f6nheit der Haare, verleiht Glanz und Elastizit\u00e4t.<\/p>\n<p>BLUE SKY PRO ist ein vielseitiges Shampoo, das speziell entwickelt wurde, um die Vorbereitung der Wolle f\u00fcr das Grooming und die weitere Pflege zu beschleunigen, ohne dabei auf die professionelle Salon \u2013Qualit\u00e4t zu verzichten.<\/p>\n<p>Inhalt BLUE SKY PRO ORIGINAL:<\/p>\n<p>&#8211; KUDZU B-Ceramid: der neueste und sehr effektivste Rekonstruktor f\u00fcr die besch\u00e4digte Keratin-Struktur.<\/p>\n<p>&#8211; Ananas \u2013Extrakt: tonisiert und befeuchtet die Haut und das Haarkleid.<\/p>\n<p>&#8211; Thymian\u00f6l &#8211; f\u00fcr eine optimale Geruchsentfernung.<\/p>\n<p>&#8211; Teebaum\u00f6l &#8211; der Garant f\u00fcr eine gute Hautreinigung.<\/p>\n<p>&#8211; Florida Palmfrucht-Extrakt &#8222;Serenoa&#8220; : kr\u00e4ftigt die Haarwurzel und regt das Haarwachstum an.<\/p>\n<p>Inhalt BLUE SKY PRO BAMBOO:<\/p>\n<p>&#8211; BAMBUS Extrakt: effektive Rekonstruktion und Aufbau f\u00fcr die besch\u00e4digte Keratin-Struktur..<\/p>\n<p>&#8211; Ananas \u2013Extrakt: tonisiert und befeuchtet die Haut und das Haarkleid.<\/p>\n<p>&#8211; Thymian\u00f6l &#8211; f\u00fcr eine optimale Geruchsentfernung.<\/p>\n<p>&#8211; Teebaum\u00f6l &#8211; der Garant f\u00fcr eine gute Hautreinigung.<\/p>\n<p>&#8211; Florida Palmfrucht-Extrakt &#8222;Serenoa&#8220; : kr\u00e4ftigt die Haarwurzel und regt das Haarwachstum an.<\/p>\n<p>Art der Anwendung:<\/p>\n<p>BLUE SKY PRO ist ein hochkonzentriertes Shampoo, das abh\u00e4ngig vom Verschmutzungsgrad und dem Haarzustand 01:15 oder 01:20 mit Wasser verd\u00fcnnt wird.<\/p>\n<p>Auf das trockene Haar mit einem Schwamm und leichten Massagebewegungen auftragen, bis sich ein weicher, seidiger Schaum bildet.<\/p>\n<p>Absp\u00fclen und ein zweites Mal wiederholen. F\u00fcr 2 Minuten einwirken lassen, dann gr\u00fcndlich aussp\u00fclen.<\/p>\n<p>F\u00fcr eine optimale Konditionierung das Haarkleides, empfehlen wir HYDRATING CREAM (1EL auf 1 L Wasser) oder MIX PINK SPRAY (w\u00e4hrend des F\u00f6hnens).<\/p>\n<p>Ideale Verpackung f\u00fcr Hundesalon und Z\u00fcchter von grossen Hunden \u2013<br \/>\nnur in 10 kg Kanistern erh\u00e4ltlich.<\/p>\n<p>*Ceramide kommen zusammen mit anderen Hautbestandteilen im Menschen unter anderem in der Hornschicht (Stratum corneum) vor. Sie bilden dort aufgrund ihrer amphiphilen Struktur Doppellipidschichten und damit eine nat\u00fcrliche Barriere, die die Haut vor dem Austrocknen sch\u00fctzt und das Eindringen von Fremdstoffen verhindert. Bei einer St\u00f6rung des Gleichgewichts dieser Stoffe, kommt es zu trockener Haut oder zu krankhaften Hauterscheinungen wie Dermatosen, atopischer Dermatitis (Neurodermitis) und Schuppenflechte (Psoriasis)<\/p>\n<p>** Pueraria Lobata Extrakt<\/p>\n<p>Dieser neuartige Kosmetikwirkstoff wird aus den Wurzeln der Pflanze Pueraria Lobata gewonnen. Besser bekannt ist Pueraria Lobata unter dem Namen Kudzu. Sie ist eine pr\u00e4chtige, pupurfarben bl\u00fchende Kletterpflanze und stammt urspr\u00fcnglich aus China. Dort hat Kudzu seit mehreren tausend Jahren einen Platz in der traditionellen chinesischen Medizin. Kudzu ist bekannt f\u00fcr ihren a\u00fc\u00dferst schnellen Wachstum (bis zu 30 cm am Tag) und ihre enorme Lebenskraft, die sie vor allem ihrem Wurzelstock zu verdanken hat. Die dort gespeicherte Vitalkraft und Energie und kommt nun auch in unseren Kosmetikprodukten zum Einsatz.<\/p>\n<p>Die Zellaktivit\u00e4t wird durch den hohen Gehalt an Isoflavonen deutlich gesteigert und die Kollagensynthese wird unterst\u00fctzt.<\/p>\n","protected":false},"excerpt":{"rendered":"<p>BLUE SKY PRO ist ein multivalentes Strukturshampoo mit B-Ceramiden*-Kudzu Extrakt** Die Neueste polyvalente Formel von BLUE SKY PRO ist hervorragend f\u00fcr alle Arten von Hundewolle geeignet. Dank seines zarten cremigen Schaums, reinigt das Shampoo, sanft, die verschmutzte Hundewolle, ohne deren [&hellip;]<\/p>\n","protected":false},"featured_media":3545,"template":"","meta":[],"product_brand":[],"product_cat":[82,278,287],"product_tag":[],"class_list":{"0":"post-94","1":"product","2":"type-product","3":"status-publish","4":"has-post-thumbnail","6":"product_cat-special-one","7":"product_cat-shampoo","8":"product_cat-shampoo-bestseller","10":"first","11":"instock","12":"taxable","13":"shipping-taxable","14":"purchasable","15":"product-type-variable"},"_links":{"self":[{"href":"https:\/\/www.planetpoodle.de\/shop\/wp-json\/wp\/v2\/product\/94","targetHints":{"allow":["GET"]}}],"collection":[{"href":"https:\/\/www.planetpoodle.de\/shop\/wp-json\/wp\/v2\/product"}],"about":[{"href":"https:\/\/www.planetpoodle.de\/shop\/wp-json\/wp\/v2\/types\/product"}],"wp:featuredmedia":[{"embeddable":true,"href":"https:\/\/www.planetpoodle.de\/shop\/wp-json\/wp\/v2\/media\/3545"}],"wp:attachment":[{"href":"https:\/\/www.planetpoodle.de\/shop\/wp-json\/wp\/v2\/media?parent=94"}],"wp:term":[{"taxonomy":"product_brand","embeddable":true,"href":"https:\/\/www.planetpoodle.de\/shop\/wp-json\/wp\/v2\/product_brand?post=94"},{"taxonomy":"product_cat","embeddable":true,"href":"https:\/\/www.planetpoodle.de\/shop\/wp-json\/wp\/v2\/product_cat?post=94"},{"taxonomy":"product_tag","embeddable":true,"href":"https:\/\/www.planetpoodle.de\/shop\/wp-json\/wp\/v2\/product_tag?post=94"}],"curies":[{"name":"wp","href":"https:\/\/api.w.org\/{rel}","templated":true}]}}