{"id":5157,"date":"2026-03-22T16:22:05","date_gmt":"2026-03-22T15:22:05","guid":{"rendered":"https:\/\/www.planetpoodle.de\/shop\/product\/\/"},"modified":"2026-03-22T16:27:20","modified_gmt":"2026-03-22T15:27:20","slug":"hello-so-blue","status":"publish","type":"product","link":"https:\/\/www.planetpoodle.de\/shop\/product\/hello-so-blue\/","title":{"rendered":"Hello SO &#8211; Blue"},"content":{"rendered":"<div class=\"std\">\n<p><span class=\"ng-binding ng-isolate-scope\">Wir haben f\u00fcr Sie ein Set, bestehend aus zwei hochwertigen Produkten von Special One, zusammengestellt: AQUA BLUE Shampoo und AQUA DOLCE Conditioner. Dieses Set erm\u00f6glicht Ihnen einen einfachen Einstieg in die hochwertige und pflegeintensive Hundekosmetik.<\/span><\/p>\n<p>Hello SO \u2013 Luxus, der funktioniert. F\u00fcr jeden.<\/p>\n<p>Professionelle Pflege aus der Special One Aqua Line \u2013 reduziert auf das Wesentliche: Wirkung, Qualit\u00e4t und sp\u00fcrbares Ergebnis.<\/p>\n<p>AQUA BLUE\u00a0F\u00fcr klare, leuchtende Farbe und saubere Struktur. Ein sanft reinigendes Shampoo mit aufhellendem Effekt, das Gelbstich neutralisiert und die nat\u00fcrliche Brillanz von hellem Fell erh\u00e4lt \u2013 ohne auszutrocknen.<\/p>\n<p>AQUA DOLCE erg\u00e4nzt die Pflege gezielt: Seiden- und Milchproteine gl\u00e4tten, pflanzliche Extrakte n\u00e4hren und entwirren das Haar \u2013 leicht, kontrolliert, ohne \u00dcberpflege.<br \/>\nDas Fell wirkt ruhig, gepflegt und hochwertig.<\/p>\n<p>Im SET enthalten sind:<\/p>\n<ul>\n<li>250ml <a href=\"https:\/\/www.planetpoodle.de\/shop\/product\/shampoo-aquablue-pro\/\">Shampoo AQUA BLUE<\/a><\/li>\n<li>150ml <a href=\"https:\/\/www.planetpoodle.de\/shop\/product\/aqua-dolce\/\">AQUA DOLCE<\/a><\/li>\n<\/ul>\n<\/div>\n","protected":false},"excerpt":{"rendered":"<p>Wir haben f\u00fcr Sie ein Set, bestehend aus zwei hochwertigen Produkten von Special One, zusammengestellt: AQUA BLUE Shampoo und AQUA DOLCE Conditioner. Dieses Set erm\u00f6glicht Ihnen einen einfachen Einstieg in die hochwertige und pflegeintensive Hundekosmetik. Hello SO \u2013 Luxus, der [&hellip;]<\/p>\n","protected":false},"featured_media":5158,"template":"","meta":[],"product_brand":[],"product_cat":[82,285],"product_tag":[],"class_list":{"0":"post-5157","1":"product","2":"type-product","3":"status-publish","4":"has-post-thumbnail","6":"product_cat-special-one","7":"product_cat-sets","9":"first","10":"instock","11":"taxable","12":"shipping-taxable","13":"purchasable","14":"product-type-simple"},"_links":{"self":[{"href":"https:\/\/www.planetpoodle.de\/shop\/wp-json\/wp\/v2\/product\/5157","targetHints":{"allow":["GET"]}}],"collection":[{"href":"https:\/\/www.planetpoodle.de\/shop\/wp-json\/wp\/v2\/product"}],"about":[{"href":"https:\/\/www.planetpoodle.de\/shop\/wp-json\/wp\/v2\/types\/product"}],"wp:featuredmedia":[{"embeddable":true,"href":"https:\/\/www.planetpoodle.de\/shop\/wp-json\/wp\/v2\/media\/5158"}],"wp:attachment":[{"href":"https:\/\/www.planetpoodle.de\/shop\/wp-json\/wp\/v2\/media?parent=5157"}],"wp:term":[{"taxonomy":"product_brand","embeddable":true,"href":"https:\/\/www.planetpoodle.de\/shop\/wp-json\/wp\/v2\/product_brand?post=5157"},{"taxonomy":"product_cat","embeddable":true,"href":"https:\/\/www.planetpoodle.de\/shop\/wp-json\/wp\/v2\/product_cat?post=5157"},{"taxonomy":"product_tag","embeddable":true,"href":"https:\/\/www.planetpoodle.de\/shop\/wp-json\/wp\/v2\/product_tag?post=5157"}],"curies":[{"name":"wp","href":"https:\/\/api.w.org\/{rel}","templated":true}]}}