{"id":39,"date":"2022-11-12T19:31:33","date_gmt":"2022-11-12T18:31:33","guid":{"rendered":"https:\/\/www.planetpoodle.de\/shop\/?post_type=product&#038;p=39"},"modified":"2026-04-03T16:52:57","modified_gmt":"2026-04-03T14:52:57","slug":"aqua-dolce","status":"publish","type":"product","link":"https:\/\/www.planetpoodle.de\/shop\/product\/aqua-dolce\/","title":{"rendered":"AQUA DOLCE"},"content":{"rendered":"<div class=\"std\">\n<p>AQUA DOLCE ist eine weichmachende Pflegemaske\/Konditioner zur Anwendung bei krausem und gesch\u00e4digten Haarkleid.<\/p>\n<p>AQUA DOLCE ist ein leichter und s\u00fc\u00dfer Konditioner, der die vernachl\u00e4ssigten Haare von Hunden und Katzen schnell n\u00e4hrt, entwirrt und pflegt.<br \/>\nSpeziell entwickelt, um das Haar nach dem hei\u00dfen Sommer oder nach intensivem B\u00fcrsten zu restrukturieren.<\/p>\n<p>Zusammensetzung:<br \/>\nAqua Dolce ist mit Seiden- und Milchproteinen angereichert, die den krausen und spr\u00f6den Effekt schnell aufheben, ohne das Haar zu beschweren.<br \/>\nNat\u00fcrliche Extrakte aus Cranberry, Aloe, Birke, Kamille, Ginseng und Wacholder, die mit sofortiger Wirkung das Fell gl\u00e4tten, erweichen und tonisieren.<\/p>\n<p>Tipps zur Anwendung:<br \/>\nTragen Sie nach dem Waschen reines AQUA DOLCE \u00fcber die gesamte Felll\u00e4nge auf. Zum leichteren Auftragen kann AQUA DOLCE auch mit etwas Wasser verd\u00fcnnt werden. Einmassieren, leicht k\u00e4mmen und einige Minuten einwirken lassen. Gr\u00fcndlich aussp\u00fclen. Das \u00fcbersch\u00fcssige Wasser abtupfen und eine kleine Menge des Produkts nur auf die besch\u00e4digten Spitzen auftragen.<br \/>\nund trocknen wie gewohnt.<br \/>\nEmpfehlenswert, um ein weiches und seidiges Fell zu bekommen, ist eine w\u00f6chentliche Anwendung.<\/p>\n<\/div>\n","protected":false},"excerpt":{"rendered":"<p>AQUA DOLCE ist eine weichmachende Pflegemaske\/Konditioner zur Anwendung bei krausem und gesch\u00e4digten Haarkleid. AQUA DOLCE ist ein leichter und s\u00fc\u00dfer Konditioner, der die vernachl\u00e4ssigten Haare von Hunden und Katzen schnell n\u00e4hrt, entwirrt und pflegt. Speziell entwickelt, um das Haar nach [&hellip;]<\/p>\n","protected":false},"featured_media":3581,"template":"","meta":[],"product_brand":[],"product_cat":[82,279],"product_tag":[],"class_list":{"0":"post-39","1":"product","2":"type-product","3":"status-publish","4":"has-post-thumbnail","6":"product_cat-special-one","7":"product_cat-conditioner","9":"first","10":"instock","11":"taxable","12":"shipping-taxable","13":"purchasable","14":"product-type-variable"},"_links":{"self":[{"href":"https:\/\/www.planetpoodle.de\/shop\/wp-json\/wp\/v2\/product\/39","targetHints":{"allow":["GET"]}}],"collection":[{"href":"https:\/\/www.planetpoodle.de\/shop\/wp-json\/wp\/v2\/product"}],"about":[{"href":"https:\/\/www.planetpoodle.de\/shop\/wp-json\/wp\/v2\/types\/product"}],"wp:featuredmedia":[{"embeddable":true,"href":"https:\/\/www.planetpoodle.de\/shop\/wp-json\/wp\/v2\/media\/3581"}],"wp:attachment":[{"href":"https:\/\/www.planetpoodle.de\/shop\/wp-json\/wp\/v2\/media?parent=39"}],"wp:term":[{"taxonomy":"product_brand","embeddable":true,"href":"https:\/\/www.planetpoodle.de\/shop\/wp-json\/wp\/v2\/product_brand?post=39"},{"taxonomy":"product_cat","embeddable":true,"href":"https:\/\/www.planetpoodle.de\/shop\/wp-json\/wp\/v2\/product_cat?post=39"},{"taxonomy":"product_tag","embeddable":true,"href":"https:\/\/www.planetpoodle.de\/shop\/wp-json\/wp\/v2\/product_tag?post=39"}],"curies":[{"name":"wp","href":"https:\/\/api.w.org\/{rel}","templated":true}]}}