{"id":3355,"date":"2022-11-15T08:59:03","date_gmt":"2022-11-15T07:59:03","guid":{"rendered":"https:\/\/www.planetpoodle.de\/shop\/?post_type=product&#038;p=3355"},"modified":"2025-01-05T22:41:58","modified_gmt":"2025-01-05T21:41:58","slug":"abba-blue","status":"publish","type":"product","link":"https:\/\/www.planetpoodle.de\/shop\/product\/abba-blue\/","title":{"rendered":"ABBA Blue"},"content":{"rendered":"<p><strong>ABBA COLLECTION<\/strong><\/p>\n<ul>\n<li>Ein megastarker, gl\u00e4nzender Auftritt mit unseren neuen Haarschonern!<\/li>\n<li>Unsere ABBA Collection aus hochwertigem Samt mit holografischen Pailletten, die in der Sonne ein Feuerwerk in tausenden Farben erzeugen!<\/li>\n<\/ul>\n<p>Ein unbedingtes &#8222;MUSS&#8220;, wenn es um&#8217;s Nackenhaar geht! Viele Besitzer von langhaarigen Hunden kennen das Problem. Verfilzte oder abgebrochene Nackenhaare, verursacht durch schmale, teilweise harte Halsb\u00e4nder.<br \/>\nWir bieten Ihnen die Alternative! Den superweichen, breiten Nackenhaarschoner.<\/p>\n<ul>\n<li>Die Nackenhaare des Hundes werden mit diesem speziellen Halsband optimal gesch\u00fctzt. Weil die glatte und weiche Oberfl\u00e4che des Halsbandes f\u00fcr eine optimale Bewegung rund um den Hals sorgt und damit die Strapazierung und Verfilzung des Fells im Nackenbereich verhindert.<\/li>\n<li>Das superweiche Halsband wird schnell und bequem \u00fcber den Kopf des Hundes gezogen.<\/li>\n<li>Die eingearbeitete Kette verhindert ein &#8222;herrausrutschen&#8220; des Hundes aus dem Halsband. Das Funktionprinzip ist \u00e4hnlich dem eines W\u00fcrgers mit Zugbegrenzung, jedoch mit deutlich milderer Wirkung.<\/li>\n<li>Einige Tier\u00e4rzte haben unseren Nackenhaarschoner f\u00fcr sehr gut, f\u00fcr postoperative- und im Halsbereich erkrankte Hunde, empfunden!<\/li>\n<li>Unsere Halsb\u00e4nder werden aus hochqualitativen, gesteppten Velourstoffen angefertigt und mit Wattevlies verst\u00e4rkt.<\/li>\n<li>Sie k\u00f6nnen w\u00e4hlen zwischen verschiedenen Farben und den Ausf\u00fchrungen uni- oder bicolor w\u00e4hlen.<\/li>\n<li>Unsere Halsb\u00e4nder sind in das Musterregister des Deutsches Patentamtes eingetragen!<\/li>\n<\/ul>\n<p>&nbsp;<\/p>\n<table border=\"0\" cellspacing=\"1\" cellpadding=\"2\">\n<tbody>\n<tr valign=\"top\">\n<td colspan=\"3\" height=\"34\">\n<p align=\"center\"><strong>Um die richtige Gr\u00f6sse f\u00fcr ihren Hund zu finden, messen sie diesen an Hals und im Kopfbereich <\/strong><\/p>\n<div align=\"center\">Hier ein \u00dcberblick von bei uns vorhandenen Gr\u00f6ssen:<\/div>\n<\/td>\n<\/tr>\n<tr valign=\"top\">\n<td valign=\"top\" width=\"14%\"><strong>Gr\u00f6sse<\/strong><\/td>\n<td valign=\"top\" width=\"22%\"><strong>Durchmesser <\/strong><\/td>\n<td valign=\"middle\" width=\"64%\"><strong>Rassebeispiele<\/strong><\/td>\n<\/tr>\n<tr valign=\"top\">\n<td valign=\"top\" width=\"14%\">130<\/td>\n<td valign=\"top\" width=\"22%\">ca 30 cm<\/td>\n<td valign=\"middle\" width=\"64%\">Toypudel, Yorkshire Terrier u.a.<\/td>\n<\/tr>\n<tr valign=\"top\">\n<td valign=\"top\" width=\"14%\">135<\/td>\n<td valign=\"top\" width=\"22%\">ca 35 cm<\/td>\n<td valign=\"middle\" width=\"64%\">Zwergpudel, Malteser, Shih Tzu, Bischon Frisee u.a.<\/td>\n<\/tr>\n<tr valign=\"top\">\n<td valign=\"top\" width=\"14%\">140<\/td>\n<td valign=\"top\" width=\"22%\">ca 40 cm<\/td>\n<td valign=\"middle\" width=\"64%\">Kleinpudel, West Highland Terrier, Spaniel, Shih Tzu u.a.<\/td>\n<\/tr>\n<tr valign=\"top\">\n<td valign=\"top\" width=\"14%\">145<\/td>\n<td valign=\"top\" width=\"22%\">ca 45 cm<\/td>\n<td valign=\"middle\" width=\"64%\">Kleinpudel, Terrier, Spaniel u.a.<\/td>\n<\/tr>\n<tr valign=\"top\">\n<td valign=\"top\" width=\"14%\">150<\/td>\n<td valign=\"top\" width=\"22%\">ca 50 cm<\/td>\n<td valign=\"middle\" width=\"64%\">Setter u.a.<\/td>\n<\/tr>\n<tr valign=\"top\">\n<td valign=\"top\" width=\"14%\">155<\/td>\n<td valign=\"top\" width=\"22%\">ca 55 cm<\/td>\n<td valign=\"middle\" width=\"64%\">Standardpudel, Collie u.a.<\/td>\n<\/tr>\n<tr valign=\"top\">\n<td valign=\"top\" width=\"14%\">160<\/td>\n<td valign=\"top\" width=\"22%\">ca 60 cm<\/td>\n<td valign=\"middle\" width=\"64%\">Standardpudel, Afghane, Collie u.a.<\/td>\n<\/tr>\n<tr valign=\"top\">\n<td valign=\"top\" width=\"14%\">165<\/td>\n<td valign=\"top\" width=\"22%\">ca 65 cm<\/td>\n<td valign=\"middle\" width=\"64%\">Standardpudel, Afghane, Bobteil u.a.<\/td>\n<\/tr>\n<\/tbody>\n<\/table>\n","protected":false},"excerpt":{"rendered":"<p>ABBA COLLECTION Ein megastarker, gl\u00e4nzender Auftritt mit unseren neuen Haarschonern! Unsere ABBA Collection aus hochwertigem Samt mit holografischen Pailletten, die in der Sonne ein Feuerwerk in tausenden Farben erzeugen! Ein unbedingtes &#8222;MUSS&#8220;, wenn es um&#8217;s Nackenhaar geht! Viele Besitzer von [&hellip;]<\/p>\n","protected":false},"featured_media":3363,"template":"","meta":[],"product_brand":[],"product_cat":[264],"product_tag":[],"class_list":{"0":"post-3355","1":"product","2":"type-product","3":"status-publish","4":"has-post-thumbnail","6":"product_cat-haarschoner","8":"first","9":"outofstock","10":"taxable","11":"shipping-taxable","12":"purchasable","13":"product-type-variable"},"_links":{"self":[{"href":"https:\/\/www.planetpoodle.de\/shop\/wp-json\/wp\/v2\/product\/3355","targetHints":{"allow":["GET"]}}],"collection":[{"href":"https:\/\/www.planetpoodle.de\/shop\/wp-json\/wp\/v2\/product"}],"about":[{"href":"https:\/\/www.planetpoodle.de\/shop\/wp-json\/wp\/v2\/types\/product"}],"wp:featuredmedia":[{"embeddable":true,"href":"https:\/\/www.planetpoodle.de\/shop\/wp-json\/wp\/v2\/media\/3363"}],"wp:attachment":[{"href":"https:\/\/www.planetpoodle.de\/shop\/wp-json\/wp\/v2\/media?parent=3355"}],"wp:term":[{"taxonomy":"product_brand","embeddable":true,"href":"https:\/\/www.planetpoodle.de\/shop\/wp-json\/wp\/v2\/product_brand?post=3355"},{"taxonomy":"product_cat","embeddable":true,"href":"https:\/\/www.planetpoodle.de\/shop\/wp-json\/wp\/v2\/product_cat?post=3355"},{"taxonomy":"product_tag","embeddable":true,"href":"https:\/\/www.planetpoodle.de\/shop\/wp-json\/wp\/v2\/product_tag?post=3355"}],"curies":[{"name":"wp","href":"https:\/\/api.w.org\/{rel}","templated":true}]}}