{"id":173,"date":"2022-11-12T23:35:42","date_gmt":"2022-11-12T22:35:42","guid":{"rendered":"https:\/\/www.planetpoodle.de\/shop\/?post_type=product&#038;p=173"},"modified":"2025-12-16T20:25:10","modified_gmt":"2025-12-16T19:25:10","slug":"shampoo-aquapure-pro","status":"publish","type":"product","link":"https:\/\/www.planetpoodle.de\/shop\/product\/shampoo-aquapure-pro\/","title":{"rendered":"SHAMPOO AQUAPURE PRO"},"content":{"rendered":"<div class=\"std\">\n<p>Aquapure Pro ist ein, Propolis und Chlorhexidin enthaltendes, desinfizierendes Shampoo.<\/p>\n<p>Aqua Pure Pro ist ein professionelles Shampoo f\u00fcr normalerweise nicht oder selten gewaschene Hunde, die in besonders schmutzigen Umgebungen leben oder h\u00e4ufig Hundegebiete in den gro\u00dfen St\u00e4dten besuchen. Aqua Pure Pro respektiert das nat\u00fcrliche Hydrolipid-Gleichgewicht und den pH-Wert der Haut und macht das Fell perfekt sauber, ges\u00fcnder und strahlender.<\/p>\n<p>Zusammensetzung:<\/p>\n<p>Die Aqua Pure Pro Formel ist aufgrund ihrer beruhigenden, reinigenden und antiseptischen Eigenschaften mit Propolis angereichert, das auch als \u201enat\u00fcrliches Antibiotikum\u201c bezeichnet wird. Es enth\u00e4lt Chlorhexidin, ein starkes antibakterielles Mittel, das auch als Antimykotikum mit langanhaltender Wirkung und zur Vorbeugung und Behandlung von trockener und schuppiger Haut empfohlen wird.<\/p>\n<p>Anwendung:<\/p>\n<p>Dieses Shampoo wird haupts\u00e4chlich f\u00fcr Hunde mit vernachl\u00e4ssigtem Fell empfohlen. Tragen Sie Aqua Pure Pro pur oder verd\u00fcnnen Sie es mit Wasser in einem Verh\u00e4ltnis von 1:10 auf das Fell des Hundes auf, massieren Sie es zart ein, sp\u00fclen Sie es aus und wiederholen Sie die Prozedur oder fahren Sie mit der besten Anwendung f\u00fcr die jeweilige Hunderasse fort.<\/p>\n<\/div>\n","protected":false},"excerpt":{"rendered":"<p>Aquapure Pro ist ein, Propolis und Chlorhexidin enthaltendes, desinfizierendes Shampoo. Aqua Pure Pro ist ein professionelles Shampoo f\u00fcr normalerweise nicht oder selten gewaschene Hunde, die in besonders schmutzigen Umgebungen leben oder h\u00e4ufig Hundegebiete in den gro\u00dfen St\u00e4dten besuchen. Aqua Pure [&hellip;]<\/p>\n","protected":false},"featured_media":3550,"template":"","meta":[],"product_brand":[],"product_cat":[82,278,288],"product_tag":[],"class_list":{"0":"post-173","1":"product","2":"type-product","3":"status-publish","4":"has-post-thumbnail","6":"product_cat-special-one","7":"product_cat-shampoo","8":"product_cat-aqualine-shampoos","10":"first","11":"instock","12":"taxable","13":"shipping-taxable","14":"purchasable","15":"product-type-variable"},"_links":{"self":[{"href":"https:\/\/www.planetpoodle.de\/shop\/wp-json\/wp\/v2\/product\/173","targetHints":{"allow":["GET"]}}],"collection":[{"href":"https:\/\/www.planetpoodle.de\/shop\/wp-json\/wp\/v2\/product"}],"about":[{"href":"https:\/\/www.planetpoodle.de\/shop\/wp-json\/wp\/v2\/types\/product"}],"wp:featuredmedia":[{"embeddable":true,"href":"https:\/\/www.planetpoodle.de\/shop\/wp-json\/wp\/v2\/media\/3550"}],"wp:attachment":[{"href":"https:\/\/www.planetpoodle.de\/shop\/wp-json\/wp\/v2\/media?parent=173"}],"wp:term":[{"taxonomy":"product_brand","embeddable":true,"href":"https:\/\/www.planetpoodle.de\/shop\/wp-json\/wp\/v2\/product_brand?post=173"},{"taxonomy":"product_cat","embeddable":true,"href":"https:\/\/www.planetpoodle.de\/shop\/wp-json\/wp\/v2\/product_cat?post=173"},{"taxonomy":"product_tag","embeddable":true,"href":"https:\/\/www.planetpoodle.de\/shop\/wp-json\/wp\/v2\/product_tag?post=173"}],"curies":[{"name":"wp","href":"https:\/\/api.w.org\/{rel}","templated":true}]}}