{"id":169,"date":"2022-11-12T23:31:57","date_gmt":"2022-11-12T22:31:57","guid":{"rendered":"https:\/\/www.planetpoodle.de\/shop\/?post_type=product&#038;p=169"},"modified":"2026-03-22T16:03:00","modified_gmt":"2026-03-22T15:03:00","slug":"shampoo-aquablue-pro","status":"publish","type":"product","link":"https:\/\/www.planetpoodle.de\/shop\/product\/shampoo-aquablue-pro\/","title":{"rendered":"SHAMPOO AQUABLUE PRO"},"content":{"rendered":"<p><b>Aquablue<\/b><\/p>\n<p>Aquablue ist ein Haushaltsshampoo f\u00fcr Haustiere, das einen aufhellenden und glanzverleihenden Effekt hat.<\/p>\n<p>Es wirkt der Gelbf\u00e4rbung des Fells entgegen, dank der blauen Pigmente, die dem Produkt seine Farbe verleihen.<\/p>\n<p>Es reinigt gr\u00fcndlich, jedoch sanft, ohne die nat\u00fcrlichen \u00d6le des Fells zu entziehen.<\/p>\n<p>Aquablue spendet Feuchtigkeit und st\u00e4rkt das Fell nach jeder Anwendung mit einer pflegenden Creme, die aus nat\u00fcrlichen Wirkstoffen hergestellt wird.<\/p>\n<p>Es eignet sich ideal, um die wei\u00dfe Farbe im Laufe der Zeit strahlend und makellos zu erhalten.<\/p>\n<p>Die Formel intensiviert auch das Fell bei schwarzen und braunen T\u00f6nen.<\/p>\n<p>Schauen Sie sich das Video auf YouTube an.<\/p>\n","protected":false},"excerpt":{"rendered":"<p>Aquablue Aquablue ist ein Haushaltsshampoo f\u00fcr Haustiere, das einen aufhellenden und glanzverleihenden Effekt hat. Es wirkt der Gelbf\u00e4rbung des Fells entgegen, dank der blauen Pigmente, die dem Produkt seine Farbe verleihen. Es reinigt gr\u00fcndlich, jedoch sanft, ohne die nat\u00fcrlichen \u00d6le [&hellip;]<\/p>\n","protected":false},"featured_media":3553,"template":"","meta":[],"product_brand":[],"product_cat":[82,278,288],"product_tag":[],"class_list":{"0":"post-169","1":"product","2":"type-product","3":"status-publish","4":"has-post-thumbnail","6":"product_cat-special-one","7":"product_cat-shampoo","8":"product_cat-aqualine-shampoos","10":"first","11":"instock","12":"taxable","13":"shipping-taxable","14":"purchasable","15":"product-type-variable"},"_links":{"self":[{"href":"https:\/\/www.planetpoodle.de\/shop\/wp-json\/wp\/v2\/product\/169","targetHints":{"allow":["GET"]}}],"collection":[{"href":"https:\/\/www.planetpoodle.de\/shop\/wp-json\/wp\/v2\/product"}],"about":[{"href":"https:\/\/www.planetpoodle.de\/shop\/wp-json\/wp\/v2\/types\/product"}],"wp:featuredmedia":[{"embeddable":true,"href":"https:\/\/www.planetpoodle.de\/shop\/wp-json\/wp\/v2\/media\/3553"}],"wp:attachment":[{"href":"https:\/\/www.planetpoodle.de\/shop\/wp-json\/wp\/v2\/media?parent=169"}],"wp:term":[{"taxonomy":"product_brand","embeddable":true,"href":"https:\/\/www.planetpoodle.de\/shop\/wp-json\/wp\/v2\/product_brand?post=169"},{"taxonomy":"product_cat","embeddable":true,"href":"https:\/\/www.planetpoodle.de\/shop\/wp-json\/wp\/v2\/product_cat?post=169"},{"taxonomy":"product_tag","embeddable":true,"href":"https:\/\/www.planetpoodle.de\/shop\/wp-json\/wp\/v2\/product_tag?post=169"}],"curies":[{"name":"wp","href":"https:\/\/api.w.org\/{rel}","templated":true}]}}