{"id":153,"date":"2022-11-12T23:09:37","date_gmt":"2022-11-12T22:09:37","guid":{"rendered":"https:\/\/www.planetpoodle.de\/shop\/?post_type=product&#038;p=153"},"modified":"2026-03-25T18:55:03","modified_gmt":"2026-03-25T17:55:03","slug":"aqua-augen-lotion","status":"publish","type":"product","link":"https:\/\/www.planetpoodle.de\/shop\/product\/aqua-augen-lotion\/","title":{"rendered":"AQUA AUGEN LOTION"},"content":{"rendered":"<p>AQUA ist eine Augenlotion mit einer sehr hohen Konzentration an Pflanzenextrakten und destilliertem Wasser.<\/p>\n<p>Dank seiner nat\u00fcrlichen Zusammensetzung kann es sowohl im Auge als auch in der Umgebung des Auges eingesetzt werden.<\/p>\n<p>Aqua hat eine sch\u00fctzende, beruhigende sowie Feuchtigkeit spendende Wirkung und verhindert, ohne den Einsatz von Medikamenten, Reizungen bei tr\u00e4nenden Hundeaugen! Insbesondere bei trockener Heizungsluft im Winter und an hei\u00dfen Tagen im Sommer.<\/p>\n<p>Aufgrund seiner neuartigen Rezeptur mit Kamille, Linde, Zitronenmelisse, Malve, Aloe und Meerwasser wird eine milde Reinigung des Auges erreicht!<\/p>\n<p>Bei regelm\u00e4\u00dfiger Anwendung des Produktes (kann mehrmals am Tag angewendet werden) wird der Tr\u00e4nenfluss erheblich reduziert. Rote oder braune Tr\u00e4nenspuren werden immer heller, bis sie verschwinden.<\/p>\n<p>Empfehlenswert f\u00fcr alle Hunderassen, insbesondere f\u00fcr Brachycephalics oder bei langhaarigen Hunderassen, die oft Probleme mit tr\u00e4nenden Augen haben.<\/p>\n<p>Art der Anwendung:<\/p>\n<p>Befeuchten sie das Auge sowie den Bereich um das Auge mit der Lotion (die kleine \u00d6ffnung der Flasche erm\u00f6glicht eine zielgenaue Anwendung am Auge) und tupfen sie anschlie\u00dfend leicht die befeuchteten Stellen mit einem sauberen Tuch ab. Wiederholen Sie diesen Vorgang t\u00e4glich, um eine optimale Gesundheit der Augen ihres Tieres zu erreichen.<\/p>\n<p>*Tipp: Die Aqua Lotion k\u00f6nnen sie auch auf gereizten Hautpartien anwenden (kurz geschorene Schnauze oder Pfoten beim Pudel, K\u00f6rper beim Chinese Crested usw.)<\/p>\n","protected":false},"excerpt":{"rendered":"<p>AQUA ist eine Augenlotion mit einer sehr hohen Konzentration an Pflanzenextrakten und destilliertem Wasser. Dank seiner nat\u00fcrlichen Zusammensetzung kann es sowohl im Auge als auch in der Umgebung des Auges eingesetzt werden. Aqua hat eine sch\u00fctzende, beruhigende sowie Feuchtigkeit spendende [&hellip;]<\/p>\n","protected":false},"featured_media":3603,"template":"","meta":[],"product_brand":[],"product_cat":[82,282,291],"product_tag":[],"class_list":{"0":"post-153","1":"product","2":"type-product","3":"status-publish","4":"has-post-thumbnail","6":"product_cat-special-one","7":"product_cat-special-care","8":"product_cat-care","10":"first","11":"instock","12":"taxable","13":"shipping-taxable","14":"purchasable","15":"product-type-variable"},"_links":{"self":[{"href":"https:\/\/www.planetpoodle.de\/shop\/wp-json\/wp\/v2\/product\/153","targetHints":{"allow":["GET"]}}],"collection":[{"href":"https:\/\/www.planetpoodle.de\/shop\/wp-json\/wp\/v2\/product"}],"about":[{"href":"https:\/\/www.planetpoodle.de\/shop\/wp-json\/wp\/v2\/types\/product"}],"wp:featuredmedia":[{"embeddable":true,"href":"https:\/\/www.planetpoodle.de\/shop\/wp-json\/wp\/v2\/media\/3603"}],"wp:attachment":[{"href":"https:\/\/www.planetpoodle.de\/shop\/wp-json\/wp\/v2\/media?parent=153"}],"wp:term":[{"taxonomy":"product_brand","embeddable":true,"href":"https:\/\/www.planetpoodle.de\/shop\/wp-json\/wp\/v2\/product_brand?post=153"},{"taxonomy":"product_cat","embeddable":true,"href":"https:\/\/www.planetpoodle.de\/shop\/wp-json\/wp\/v2\/product_cat?post=153"},{"taxonomy":"product_tag","embeddable":true,"href":"https:\/\/www.planetpoodle.de\/shop\/wp-json\/wp\/v2\/product_tag?post=153"}],"curies":[{"name":"wp","href":"https:\/\/api.w.org\/{rel}","templated":true}]}}